Let p be a(o). Is 74*(3 - (3 + p)) a composite number?
True
Suppose -34*b + 191695 + 94551 = 0. Is b prime?
True
Suppose 3*b = -2*t + 39 + 15, 0 = 3*b - 3*t - 69. Let s = 346 + b. Suppose 5*g = u + 1891, 2*g + u - 396 = s. Is g composite?
False
Let s(q) = -q**2 - 15*q + 6. Let x be s(-15). Suppose 0 = -2*z - 10, -3*w + z = x*z - 2204. Is w a prime number?
True
Let i be (-2 + 0)/((-6)/15). Suppose -5 + 1415 = 3*t. Suppose 0 = 5*w + 3*n - 569, -3*w + i*n = w - t. Is w a prime number?
False
Let x = 491 + 2940. Is x a prime number?
False
Let w(x) = -3*x**2 - 2*x + 20. Let k be w(-10). Let s = 403 + k. Is s a composite number?
True
Let p = 23 - 27. Let x be (-6)/4*(2 + p). Suppose 460 = x*g + 3*m + 103, -4*m - 139 = -g. Is g composite?
True
Let v(i) = 5*i**3 + 26*i**2 + 18*i - 9. Is v(14) composite?
True
Let v(i) = 4*i**3 + 2*i**2 + 7*i + 33. Is v(14) composite?
True
Suppose 0 = 2*v - v + 4, -y - 3*v + 20909 = 0. Is y composite?
False
Suppose -4*y + 5489 = -22931. Suppose 0 = -9*r + y + 2948. Is r composite?
False
Let a = -1 + 490. Suppose 0*g + 3*g = -3*o + a, 2*g + 318 = 2*o. Is o a composite number?
True
Let c(i) be the second derivative of -i**5/20 - i**4/12 - 3*i**3/2 - 7*i**2 + 20*i. Is c(-5) a prime number?
True
Suppose 54*o - 50*o = 2228. Is o a prime number?
True
Let h = -1226 + 2665. Is h prime?
True
Let x be ((-22)/(-8) + 2)*8/2. Is (14 - x)*818/(-10) a prime number?
True
Suppose 10*c = 13*c - 17757. Suppose c = 2*g + g. Is g composite?
False
Suppose 335811 = 14*w - 330575. Is w a prime number?
True
Let n(o) = 20*o**2 - 15*o + 24. Is n(25) composite?
False
Suppose 75116 = 349*l - 345*l. Is l prime?
False
Let s(y) = -3*y - 26. Let v be s(-10). Is (-2 - (-410)/v)*(-20)/(-30) composite?
False
Suppose 0*s + 8*s = 104. Suppose s*x - 16*x - 2*k = -9297, 0 = 4*x + 5*k - 12389. Is x composite?
True
Let o(l) = 338*l + 95. Is o(18) composite?
True
Let i be (-112)/(-52) + (-4)/26. Let q(t) = t**2 - t + 1. Let w be q(i). Suppose 0 = -w*p - a + 98, 2*a - 118 = -3*p - 3*a. Is p composite?
False
Let h(s) = -2*s - 7. Let z be h(-8). Let n(p) be the third derivative of p**5/60 - p**4/3 - 7*p**3/6 - 28*p**2. Is n(z) a composite number?
False
Suppose -5*o - 2*y = -9795, -o - 7824 = -5*o - 4*y. Is o a composite number?
True
Suppose 4*f + 3*y = f + 279, -f + 85 = -3*y. Let p = f - 32. Is p composite?
False
Let v(j) = 53*j**2 + 2*j + 26. Is v(5) a composite number?
False
Let j(k) = -11*k**2 - 11*k + 2. Let x be j(3). Is (x/30)/(2/(-66)) composite?
True
Let i be 76/16 + 2/8. Suppose -3*x + 903 = -2*x - i*g, 0 = 4*x + g - 3591. Suppose -3*y = -5*y + x. Is y prime?
True
Let m(g) = 216*g**2 - g - 16. Is m(6) prime?
False
Let v = -5370 - -19537. Is v a prime number?
False
Let r(l) = 96*l**2 - l + 42. Is r(17) a prime number?
False
Let l(t) = 4563*t**3 - 7*t**2 + 6*t + 5. Is l(2) prime?
True
Let j = -92 - -66. Let v(l) = l**2 + 9*l - 5. Is v(j) a composite number?
True
Let i(d) = -1988*d - 27. Is i(-1) a composite number?
True
Is (-169984)/(-5) - ((-108)/60)/9 composite?
False
Let o(q) = -60*q - 88*q + 38*q + 6*q. Let a be o(-6). Suppose -2*s - a = -4*s + 5*t, 3*t = s - 313. Is s a composite number?
False
Let r = -534 + 778. Suppose -11*c + r = -9*c. Is c a prime number?
False
Let j(s) = 2*s**3 - 11*s**2 + 13*s. Let m be j(10). Suppose -2*c + m + 84 = 0. Is c a composite number?
False
Let s = 33 - 32. Suppose 5*w - 614 = x, -x = 3 + s. Is w a prime number?
False
Is 22848/32 + 5*1 a prime number?
True
Let c(u) = -16*u - 1. Let q be c(-1). Is 8799/q - (-8)/20 a composite number?
False
Suppose 5*s - 5*m = 5, -7*s = -2*s + m - 23. Suppose -3*w + 547 - 72 = -s*g, 5*w = 4*g + 789. Is w composite?
False
Let x = -5618 + 9025. Suppose -x = -3*h + f, -5*h + 3*f = -f - 5683. Is h prime?
False
Let j = -8 + 13. Let r(c) = -4*c**3 + 29*c**2 - 9*c + 14. Let v be r(7). Suppose v = j*m - m - 52. Is m composite?
False
Let i(k) be the second derivative of 117*k**5/10 - k**2/2 + 5*k. Suppose 3*a = -z + 4*a + 5, -z - a = 3. Is i(z) composite?
False
Let o = -2 - -9. Suppose -5*a - 20 = 2*k, a + 4*k - o = -29. Is (a - 9/2)*-38 a prime number?
False
Let u = 36 + -17. Suppose 0 = 18*y - u*y + 611. Is y prime?
False
Suppose -21*v + 20*v = -489. Is v prime?
False
Let t(n) = 3*n + 2*n + 1 + 57*n**2 - 2*n. Is t(-2) composite?
False
Let z(q) = 34*q**2 - 6*q + 2. Let h be z(-5). Suppose -379 = d + 106. Let f = h + d. Is f prime?
True
Let c be (-3)/(105/(-154)) + (-6)/(-10). Suppose 9*y - c*y = 3628. Is y a prime number?
True
Let v(u) = -2*u**3 - 11*u**2 + 4*u + 24. Is v(-7) a prime number?
False
Let d be 8 - (2*1)/(13/26). Suppose 0 = d*u + 8, 2414 = 5*f - 3*u + 3. Is f composite?
True
Is (19 + -136996)*(-1)/3 a composite number?
False
Let p = 23 - 17. Is (-23*(-55)/15)/(2/p) a composite number?
True
Suppose -21*y = -221302 + 47779. Is y composite?
False
Let p(r) = 40*r**2 + 8*r + 9. Let o be (-6)/3 - 4*1. Let i be p(o). Is (-2)/(-12)*i*2 prime?
True
Suppose 198198 - 695062 = -16*j. Is j a prime number?
False
Let b = -93 + 90. Let d(k) = -136*k + 7. Is d(b) prime?
False
Let a be (8 + -2)*1/3. Is ((-1082)/2)/((-2)/a) a prime number?
True
Let i = -11 - -15. Suppose v - 3 = -t, -4*v + 14 = i*t - 2*v. Suppose 0 = l + t*l - 2225. Is l composite?
True
Let w(h) = -h**2 - 8*h - 12. Let m be w(-5). Let r be (-310)/(-6) - (-3)/9. Suppose -m*d + 226 = r. Is d prime?
False
Suppose -123*b + 388074 = -117*b. Is b prime?
True
Suppose -301 - 1205 = -x. Suppose 4*j - 3670 = -x. Is j composite?
False
Suppose -9*r + 146363 = -46840. Is r a prime number?
True
Let u(j) = -3*j - 17. Let w be u(-8). Let r(x) = -6*x**2 + 11*x - 10. Let g be r(w). Let k = -150 - g. Is k a composite number?
True
Let w(k) = k - 14. Let g be w(-14). Let m = 141 + g. Is m a composite number?
False
Let k = -11 + 41. Suppose -409 = -31*j + k*j. Is j a composite number?
False
Let h(d) = -65*d. Let y be h(-3). Let u(r) = -r**3 + 15*r**2 - 34*r - 20. Let z be u(12). Suppose 145 = z*j - y. Is j composite?
True
Suppose -13*r + 10*r + 1587 = 0. Suppose o - b = -2*b + 544, -4*b = -o + r. Is o a composite number?
False
Let f = 499 + -345. Let v be 2*3/6*97. Suppose -b = -f - v. Is b prime?
True
Let z = -9944 + 28723. Is z a composite number?
True
Let a be (15/20 - 0/(-3))*4. Let t(f) = 1295*f**2 + f + 7. Is t(a) prime?
False
Let u(c) = -6 - 6 + 10*c + 463*c - 10. Is u(3) a composite number?
True
Let x = 6 - 3. Suppose 0 = -3*v + v - x*w + 2069, 2*v - 3*w - 2039 = 0. Is v composite?
True
Let m = 25 - 15. Let z be (-48)/m*(-105)/(-14). Is (-7)/(-2)*z/(-6) prime?
False
Let p(z) = -9 - 4*z**2 - 2*z**2 - 8*z + 5*z**2 + 2. Let t be p(-5). Is -38*(-4)/t*1 prime?
True
Suppose 0 = -2*n - n - 2307. Is 8 - 5 - (3 + n) composite?
False
Let d(q) = q**2 - 2*q - 14. Let p(u) = -u + 4. Let w be p(4). Suppose 3*f - 5*n + 40 = w, -f = -4*f - 5*n - 20. Is d(f) a composite number?
True
Suppose 0 = 4*h + 117*v - 119*v - 255052, 2*h = -3*v + 127526. Is h prime?
False
Suppose 0 = 2*s + 10, 4*r + 42740 = 9*r - 5*s. Is r composite?
False
Suppose 10*o - 15661 = -3641. Suppose -5*t + 428 = -o. Is t composite?
True
Let p(b) = 7*b**2 + 4*b + 2. Is p(29) a prime number?
False
Is 1567 - (-36)/(-7 + 1) composite?
True
Suppose 5*v - 8*v + 12 = 0. Suppose 4*l - v*f + 33 = -f, 4*f = l + 18. Is 121 + (-7)/(21/l) a composite number?
True
Let h = 1198 - 699. Is h composite?
False
Suppose 3*i - 6*j + j - 141587 = 0, 141555 = 3*i + 3*j. Is i a prime number?
True
Let i(h) be the third derivative of 7*h**5/60 - 17*h**4/8 + 43*h**3/6 - 41*h**2. Is i(20) a prime number?
True
Let i be (-48)/(78/28 + -3). Suppose l - 274 = -2*c - 4*l, 504 = 4*c - l. Let d = i - c. Is d composite?
False
Let o = 517 - 306. Suppose 207*u + 3340 = o*u. Is u composite?
True
Let t = 13559 + 4500. Is t a composite number?
False
Suppose -5*q - y + 6 = -500, -307 = -3*q - 4*y. Let x = q + -52. Is x a prime number?
False
Suppose 0 = 5*z + 3*m - 0*m - 4, 8 = -2*z + 2*m. Let w be (z + 3/2)*-4. Is (0 + w)*234/(-12) a composite number?
True
Suppose 4*f = -2*q - 16, 4*q - q + 5*f = -22. Let b = 48 - q. Let v = b - -7. Is v prime?
True
Suppose i = -0*i - 376. Let r = i - -587. Is r a prime number?
True
Suppose 0 = -26*j + 220865 + 271757. Is j a composite number?
False
Suppose -11061 = 3*t - 1674. Let j = -1858 - t. Is j p